et f(n) = -n**2 - 31*n - 244. Calculate f(-25).
-94
Let n(x) = x**3 + 27*x**2 - 335*x + 2. Determine n(9).
-97
Let t(r) = -4*r**3 - 193*r**2 - 50*r - 20. What is t(-48)?
76
Let l(t) = -2*t**3 + 88*t**2 - 964*t - 45. Calculate l(21).
-3
Let g(s) = s**2 - 41*s + 55. What is g(39)?
-23
Let t(u) = -115*u + 680. What is t(8)?
-240
Let k(g) = -31*g - 179. Calculate k(-13).
224
Let b(r) = 38*r - 311. What is b(12)?
145
Let p(x) = -853*x - 7677. What is p(-9)?
0
Let k(c) = c**2 + 25*c + 149. Calculate k(-13).
-7
Let x(a) = -36*a - 96. Give x(-9).
228
Let q(l) = 171*l - 2748. Determine q(16).
-12
Let k(v) = -v**2 - 4*v - 3. Determine k(-1).
0
Let x(r) = 15*r - 200. Calculate x(-6).
-290
Let b(k) = -2*k**2 + 177. Determine b(-9).
15
Let u(n) = -67*n**2 + 124*n + 122. What is u(-1)?
-69
Let t(f) = 80*f - 376. Determine t(5).
24
Let u(p) = p**3 - 84*p**2 + 2*p - 209. What is u(84)?
-41
Let s(v) = v**3 - 29*v**2 - 55*v - 230. Give s(31).
-13
Let o(a) = -360*a + 1122. Calculate o(3).
42
Let z(n) = n**3 + 8*n**2 - 274*n - 1713. Give z(-6).
3
Let q(i) = -3*i**2 + 17*i + 9. Give q(0).
9
Let i(h) = -3473*h + 59041. Determine i(17).
0
Let k(y) = y**3 - 40*y**2 + 69*y + 63. Calculate k(38).
-203
Let u(r) = 75*r + 1279. What is u(-17)?
4
Let v(r) = -r**3 + 4*r**2 + 13*r + 9. Determine v(5).
49
Let c(g) = -g**2 + 7*g + 97. Give c(12).
37
Let r(h) = h**2 + 7*h - 37. What is r(17)?
371
Let r(w) = 6*w**3 + 2*w**2 - 50*w + 151. Give r(3).
181
Let k(f) = -f**2 - 33*f + 1361. Calculate k(24).
-7
Let a(s) = s**3 + 34*s**2 + 80*s - 1191. Determine a(-30).
9
Let l(v) = 3*v**3 + v**2 + 3*v - 156. What is l(0)?
-156
Let y(h) = -2*h**3 - 8*h**2 + 19*h + 79. What is y(-4)?
3
Let f(a) = -7348*a + 22044. Determine f(3).
0
Let c(v) = 15*v - 192. What is c(12)?
-12
Let r(c) = 12*c**3 + 110*c**2 + 4*c - 117. What is r(-9)?
9
Let h(a) = -4*a**2 - 137*a + 15. Determine h(-4).
499
Let t(v) = -v - 121. Determine t(10).
-131
Let h(b) = -172*b + 1281. What is h(8)?
-95
Let w(n) = -16*n - 247. Give w(-19).
57
Let x(h) = -h**2 + 1172*h - 3512. Calculate x(3).
-5
Let z(o) = -o**2 + 24*o - 112. What is z(12)?
32
Let d(z) = -9*z - 1234. Give d(-100).
-334
Let y(n) = -852*n - 3403. Calculate y(-4).
5
Let b(l) = -128*l - 54. What is b(-1)?
74
Let x(p) = p**3 + 22*p**2 + 45*p + 40. Calculate x(-19).
268
Let r(h) = h**2 + 380*h - 3086. Calculate r(8).
18
Let g(l) = 2*l**3 - 13*l**2 + l + 56. What is g(6)?
26
Let s(k) = 56*k + 3494. Give s(-65).
-146
Let s(i) = 46*i - 3324. What is s(72)?
-12
Let w(y) = -y**3 + 8*y**2 - 31*y + 112. What is w(6)?
-2
Let i(s) = -6*s**2 - 292*s + 72. Calculate i(-49).
-26
Let a(p) = -121*p - 2670. Calculate a(-22).
-8
Let w(o) = 25*o + 234. What is w(-6)?
84
Let f(j) = -4*j**2 + 59*j + 145. What is f(17)?
-8
Let v(i) = -128*i - 143. What is v(-1)?
-15
Let x(z) = -3*z**2 - 53*z - 238. What is x(-9)?
-4
Let d(x) = x**3 + 40*x**2 + 347*x + 52. What is d(-18)?
934
Let b(l) = l**2 + 28*l - 338. Determine b(10).
42
Let o(b) = -2*b**3 - 3*b**2 - 15*b - 11. What is o(-4)?
129
Let f(d) = -38*d - 578. Give f(-16).
30
Let g(t) = -t**3 - 31*t**2 + 23*t + 20. Calculate g(-32).
308
Let q(w) = 26*w**2 - 159*w - 12. Give q(6).
-30
Let o(u) = 12*u**2 - 51*u + 24. Determine o(7).
255
Let l(v) = v**2 - 43*v + 283. What is l(34)?
-23
Let q(g) = 10*g**2 - 445*g - 225. Calculate q(45).
0
Let w(j) = -233*j + 2957. Calculate w(13).
-72
Let x(p) = -101*p - 1209. Calculate x(-12).
3
Let c(k) = -k**2 - 17*k - 90. What is c(-8)?
-18
Let j(f) = 2*f**2 + 134*f + 2068. Give j(-43).
4
Let c(r) = 3166*r - 6164. Calculate c(2).
168
Let j(q) = -q**3 + 13*q**2 - 37*q + 10. Determine j(11).
-155
Let i(o) = 2*o**2 - 67*o + 11. Determine i(34).
45
Let k(j) = -61*j**2 + 12*j - 11. Give k(2).
-231
Let h(w) = -w**3 + 46*w**2 + 105*w + 6. What is h(48)?
438
Let w(q) = q**2 + 62*q + 883. Calculate w(-26).
-53
Let j(o) = o**2 + 5*o - 9. What is j(2)?
5
Let h(u) = -7*u**2 - 52*u - 76. Give h(-5).
9
Let s(o) = o**2 - 11*o - 6. Calculate s(-8).
146
Let n(h) = -76*h - 6. What is n(5)?
-386
Let u(j) = j**2 + 8*j - 41. Calculate u(8).
87
Let r(j) = -5*j**2 - 20*j - 39. Give r(-5).
-64
Let p(s) = -s**3 + 34*s**2 - 19*s - 218. What is p(33)?
244
Let r(s) = -7*s + 157. Determine r(20).
17
Let n(d) = 17*d - 464. What is n(43)?
267
Let j(z) = z**3 - 10*z**2 - 5*z + 21. What is j(11)?
87
Let t(o) = -10*o**2 - 212*o - 42. What is t(-21)?
0
Let g(x) = x**2 + 23*x - 255. Give g(-31).
-7
Let a(k) = -k**3 - 50*k**2 - 68*k - 943. Give a(-49).
-12
Let o(k) = 4759*k - 23806. What is o(5)?
-11
Let o(q) = 123*q**2 - 126*q - 123. Determine o(-1).
126
Let y(a) = -15*a**2 + 15*a - 4. Give y(-1).
-34
Let v(z) = -z**3 - 6*z**2 + 6*z - 7. Calculate v(-5).
-62
Let k(l) = -l**2 + 710*l - 1412. Calculate k(2).
4
Let k(z) = 4*z**2 + 24*z - 14. Give k(-9).
94
Let w(m) = 268*m + 8303. Give w(-32).
-273
Let z(k) = -2*k**2 + 53*k - 32. Calculate z(26).
-6
Let d(g) = 109*g - 814. Calculate d(5).
-269
Let z(i) = -3*i**2 + 324*i - 643. Determine z(106).
-7
Let u(s) = 58*s - 124. Calculate u(2).
-8
Let w(h) = 276*h + 795. Determine w(-3).
-33
Let y(n) = -287*n + 5171. Determine y(18).
5
Let o(r) = r**2 - 22*r + 163. What is o(16)?
67
Let l(q) = -6*q + 337. Calculate l(9).
283
Let u(i) = -i**3 + i**2 - 10*i + 18. Determine u(3).
-30
Let z(t) = 44*t + 1189. What is z(-26)?
45
Let j(x) = -10*x**2 + 108*x - 319. Calculate j(3).
-85
Let z(d) = -2*d**2 - 41*d + 2717. Give z(28).
1
Let p(f) = 4089*f - 110407. Calculate p(27).
-4
Let g(a) = a**3 - 18*a**2 - 8*a + 64. Determine g(19).
273
Let l(u) = 31*u + 3592. Give l(-116).
-4
Let z(b) = b**2 + 51*b + 466. What is z(-40)?
26
Let r(q) = -22*q**2 + 8*q + 35. Determine r(-3).
-187
Let w(x) = 2268*x - 24938. Calculate w(11).
10
Let a(h) = 53*h + 227. What is a(-3)?
68
Let j(t) = t**3 + 9*t**2 + 9*t + 7. What is j(-11)?
-334
Let c(j) = 72*j**3 - 2*j**2 + 177*j - 176. What is c(1)?
71
Let i(y) = -y**3 + 7*y**2 + 10304*y - 72133. Calculate i(7).
-5
Let u(p) = p**3 - 97*p**2 - 404*p + 384. What is u(101)?
384
Let l(w) = w**3 + 37*w**2 + 131*w - 18. Determine l(-33).
15
Let l(p) = -p**3 - 11*p**2 + 26*p - 49. Calculate l(-12).
-217
Let q(l) = -37*l**2 + 222*l + 14. Calculate q(6).
14
Let k(l) = -1547*l + 3080. What is k(2)?
-14
Let s(k) = -4*k**3 - 170*k**2 + 78*k + 6805. What is s(-42)?
1
Let v(p) = p**3 - 8*p**2 - 53*p + 289. Give v(4).
13
Let o(c) = 3*c**2 - 2*c - 1. Give o(1).
0
Let q(h) = 7*h**3 - 2*h**2 - 3*h - 5. Give q(3).
157
Let u(v) = -4*v**2 - 21*v + 87. Determine u(3).
-12
Let a(t) = -72*t**2 - 36*t + 3. Give a(-2).
-213
Let v(r) = -22*r**2 - 219*r + 43. What is v(-10)?
33
Let m(n) = -711*n + 4978. Determine m(7).
1
Let s(j) = j**3 - 61*j**2 - 174*j + 3020. What is s(63)?
-4
Let b(l) = -l**2 - 31*l + 721. Determine b(16).
-31
Let u(m) = -41*m + 659. Give u(16).
3
Let j(c) = 92*c**2 - 2297*c - 83. Determine j(25).
-8
Let w(i) = -2*i**3 + 73*i**2 + 30*i + 211. Give w(37).
-48
Let q(l) = 2*l**3 + 33*l**2 + 47*l - 9. Determine q(-15).
-39
Let a(p) = -p**2 + 26*p - 132. What is a(11)?
33
Let t(j) = j**3 - 44*j**2 + 45*j - 102. Determine t(43).
-16
Let z(q) = 236*q + 12260. What is z(-52)?
-12
Let p(c) = -39*c - 359. Give p(-12).
109
Let o(b) = -13*b - 16. Calculate o(-18).
218
Let c(k) = -k**3 + 9*k**2 - 184*k + 1294. Give c(7).
104
Let a(d) = -39*d + 319. What is a(9)?
-32
Let q(h) = -h**3 - 15*h**2 - 55*h + 1. Give q(-6).
7
Let f(s) = 12*s**2 + 561*s + 3343. Determine f(-7).
4
Let x(v) = v**3 - 127*v**2 + 1167*v + 362. What is x(117)?
11
Let o(b) = -70*b**2 + 269*b - 7. Calculate o(3).
170
Let a(z) = -2318*z + 11595. Give a(5).
5
Let p(h) = 560*h + 2814. Give p(-5).
14
Let h(w) = -w**2 - 8*w - 129. Give h(-7).
-122
Let z(l) = 2*l**3 - 78*l**2 + 2*l - 58. Determine z(39).
20
Let m(k) = -4*k**2 - 6*k - 4. Determine m(6).
-184
Let u(p) = -p**3 - 227*p**2 + 913*p - 2546. Calculate u(-231).
-5
Let z(k) = 14*k**2 - 1103*k - 234. Calculate z(79).
3
Let f(o) = 7*o**2 + 6*o + 8. Determine f(-2).
24
Let b(y) = 27*y + 160. What is b(-12)?
-164
Let o(u) = -u**2 + 47*u - 270. Calculate o(43).
-98
Let y(o) = -o**3 + 30*o**2 + 40*o - 267. What is y(31)?
12
Let g(l) = 5*l**3 + 26*l**2 + 29*l + 31. Determine g(-4).
11
Let z(q) = -59*q + 1827. Give z(31).
-2
Let h(l) = -9*l + 994. Determine h(116).
-50
Let g(i) = i**2 +